{"id":56,"date":"2015-11-26T08:59:01","date_gmt":"2015-11-26T07:59:01","guid":{"rendered":"http:\/\/grundschule-karlshoehe-mit-zweigstellen.schulhomepages.hamburg.de\/?page_id=56"},"modified":"2025-09-15T17:51:35","modified_gmt":"2025-09-15T15:51:35","slug":"sekretariat-hausmeister","status":"publish","type":"page","link":"https:\/\/grundschule-am-gut.hamburg.de\/?page_id=56","title":{"rendered":"Schulb\u00fcros &amp; Hausmeister"},"content":{"rendered":"<div id=\"attachment_3142\" style=\"width: 766px\" class=\"wp-caption aligncenter\"><img loading=\"lazy\" decoding=\"async\" aria-describedby=\"caption-attachment-3142\" class=\" wp-image-3142\" src=\"https:\/\/grundschule-am-gut.hamburg.de\/wp-content\/uploads\/sites\/232\/2025\/09\/E62D2765-0E60-44D5-A37A-7BD6B67A3A7C-1024x768.jpeg\" alt=\"\" width=\"756\" height=\"567\" srcset=\"https:\/\/grundschule-am-gut.hamburg.de\/wp-content\/uploads\/sites\/232\/2025\/09\/E62D2765-0E60-44D5-A37A-7BD6B67A3A7C-1024x768.jpeg 1024w, https:\/\/grundschule-am-gut.hamburg.de\/wp-content\/uploads\/sites\/232\/2025\/09\/E62D2765-0E60-44D5-A37A-7BD6B67A3A7C-300x225.jpeg 300w, https:\/\/grundschule-am-gut.hamburg.de\/wp-content\/uploads\/sites\/232\/2025\/09\/E62D2765-0E60-44D5-A37A-7BD6B67A3A7C-768x576.jpeg 768w, https:\/\/grundschule-am-gut.hamburg.de\/wp-content\/uploads\/sites\/232\/2025\/09\/E62D2765-0E60-44D5-A37A-7BD6B67A3A7C-1536x1152.jpeg 1536w, https:\/\/grundschule-am-gut.hamburg.de\/wp-content\/uploads\/sites\/232\/2025\/09\/E62D2765-0E60-44D5-A37A-7BD6B67A3A7C-2048x1536.jpeg 2048w\" sizes=\"auto, (max-width: 756px) 100vw, 756px\" \/><p id=\"caption-attachment-3142\" class=\"wp-caption-text\">Frau Grundt und Frau L\u00fcdemann aus unseren Schulb\u00fcros<\/p><\/div>\n<p>Unsere Verwaltungsangestellte im <strong>Schulb\u00fcro am Standort Thomas-Mann-Stra\u00dfe<\/strong> ist Frau Grundt.<br \/>\nSie ist erreichbar:<br \/>\nMontag bis Freitag von 7.30 Uhr bis 13.00 Uhr<br \/>\nTel: 040-428932130 oder christa.grundt@bsfb.hamburg.de<\/p>\n<p>Unsere Verwaltungsangestellte im <strong>Schulb\u00fcro am Standort Hohnerkamp<\/strong> ist Frau L\u00fcdemann.<br \/>\nSie ist erreichbar:<br \/>\nMontag bis Donnerstag von 7.30 Uhr bis 13.00 Uhr<br \/>\nTel: 040-428932160 oder britt.luedemann@bsfb.hamburg.de<\/p>\n<p>&nbsp;<\/p>\n<p><strong><em>Hausmeister:\u00a0<\/em><\/strong>Herr Sonberg<br \/>\nOb Gespr\u00e4che mit Handwerkern, Reparaturarbeiten, die Koordination von Terminen bei Bauma\u00dfnahmen, die Behebung von Schwierigkeiten am Kopierer und nicht zu vergessen die Wiederbeschaffung verschossener Fu\u00dfb\u00e4lle &#8211; alle diese kleinen und gro\u00dfen Aufgaben geh\u00f6ren zu seinem Alltagsgesch\u00e4ft.<\/p>\n<p>&nbsp;<\/p>\n<p><em>Foto: M. Naruga<\/em><\/p>\n","protected":false},"excerpt":{"rendered":"<p>Unsere Verwaltungsangestellte im Schulb\u00fcro am Standort Thomas-Mann-Stra\u00dfe ist Frau Grundt. Sie ist erreichbar: Montag bis Freitag von 7.30 Uhr bis 13.00 Uhr Tel: 040-428932130 oder christa.grundt@bsfb.hamburg.de Unsere Verwaltungsangestellte im Schulb\u00fcro am Standort Hohnerkamp ist&#46;&#46;&#46;<\/p>\n","protected":false},"author":430,"featured_media":0,"parent":0,"menu_order":0,"comment_status":"closed","ping_status":"closed","template":"","meta":{"_acf_changed":false,"footnotes":""},"class_list":["post-56","page","type-page","status-publish","hentry"],"acf":[],"_links":{"self":[{"href":"https:\/\/grundschule-am-gut.hamburg.de\/index.php?rest_route=\/wp\/v2\/pages\/56","targetHints":{"allow":["GET"]}}],"collection":[{"href":"https:\/\/grundschule-am-gut.hamburg.de\/index.php?rest_route=\/wp\/v2\/pages"}],"about":[{"href":"https:\/\/grundschule-am-gut.hamburg.de\/index.php?rest_route=\/wp\/v2\/types\/page"}],"author":[{"embeddable":true,"href":"https:\/\/grundschule-am-gut.hamburg.de\/index.php?rest_route=\/wp\/v2\/users\/430"}],"replies":[{"embeddable":true,"href":"https:\/\/grundschule-am-gut.hamburg.de\/index.php?rest_route=%2Fwp%2Fv2%2Fcomments&post=56"}],"version-history":[{"count":8,"href":"https:\/\/grundschule-am-gut.hamburg.de\/index.php?rest_route=\/wp\/v2\/pages\/56\/revisions"}],"predecessor-version":[{"id":3143,"href":"https:\/\/grundschule-am-gut.hamburg.de\/index.php?rest_route=\/wp\/v2\/pages\/56\/revisions\/3143"}],"wp:attachment":[{"href":"https:\/\/grundschule-am-gut.hamburg.de\/index.php?rest_route=%2Fwp%2Fv2%2Fmedia&parent=56"}],"curies":[{"name":"wp","href":"https:\/\/api.w.org\/{rel}","templated":true}]}}