{"id":39,"date":"2015-11-25T19:52:08","date_gmt":"2015-11-25T18:52:08","guid":{"rendered":"http:\/\/grundschule-karlshoehe-mit-zweigstellen.schulhomepages.hamburg.de\/?page_id=39"},"modified":"2025-06-11T16:54:46","modified_gmt":"2025-06-11T14:54:46","slug":"unsere-schule-2","status":"publish","type":"page","link":"https:\/\/grundschule-am-gut.hamburg.de\/?page_id=39","title":{"rendered":"Unsere Schule"},"content":{"rendered":"<p><img loading=\"lazy\" decoding=\"async\" class=\"wp-image-2958 alignnone\" src=\"https:\/\/grundschule-am-gut.hamburg.de\/wp-content\/uploads\/sites\/232\/2025\/05\/IMG-20250430-WA0003-1024x928.jpg\" alt=\"\" width=\"388\" height=\"352\" srcset=\"https:\/\/grundschule-am-gut.hamburg.de\/wp-content\/uploads\/sites\/232\/2025\/05\/IMG-20250430-WA0003-1024x928.jpg 1024w, https:\/\/grundschule-am-gut.hamburg.de\/wp-content\/uploads\/sites\/232\/2025\/05\/IMG-20250430-WA0003-300x272.jpg 300w, https:\/\/grundschule-am-gut.hamburg.de\/wp-content\/uploads\/sites\/232\/2025\/05\/IMG-20250430-WA0003-768x696.jpg 768w, https:\/\/grundschule-am-gut.hamburg.de\/wp-content\/uploads\/sites\/232\/2025\/05\/IMG-20250430-WA0003-1536x1392.jpg 1536w, https:\/\/grundschule-am-gut.hamburg.de\/wp-content\/uploads\/sites\/232\/2025\/05\/IMG-20250430-WA0003.jpg 1552w\" sizes=\"auto, (max-width: 388px) 100vw, 388px\" \/> \u00a0 <img loading=\"lazy\" decoding=\"async\" class=\"wp-image-2959 alignnone\" src=\"https:\/\/grundschule-am-gut.hamburg.de\/wp-content\/uploads\/sites\/232\/2025\/05\/IMG-20250430-WA0005-1024x768.jpg\" alt=\"\" width=\"465\" height=\"349\" srcset=\"https:\/\/grundschule-am-gut.hamburg.de\/wp-content\/uploads\/sites\/232\/2025\/05\/IMG-20250430-WA0005-1024x768.jpg 1024w, https:\/\/grundschule-am-gut.hamburg.de\/wp-content\/uploads\/sites\/232\/2025\/05\/IMG-20250430-WA0005-300x225.jpg 300w, https:\/\/grundschule-am-gut.hamburg.de\/wp-content\/uploads\/sites\/232\/2025\/05\/IMG-20250430-WA0005-768x576.jpg 768w, https:\/\/grundschule-am-gut.hamburg.de\/wp-content\/uploads\/sites\/232\/2025\/05\/IMG-20250430-WA0005-1536x1152.jpg 1536w, https:\/\/grundschule-am-gut.hamburg.de\/wp-content\/uploads\/sites\/232\/2025\/05\/IMG-20250430-WA0005.jpg 2048w\" sizes=\"auto, (max-width: 465px) 100vw, 465px\" \/><\/p>\n<p>Unsere Schule liegt im ruhigen und gr\u00fcnen Teil von Bramfeld. Wir haben zwei Standorte: die Thomas-Mann-Stra\u00dfe und den Hohnerkamp. An beiden Standorten sind die Jahrg\u00e4nge 1-4 und Vorschulklassen vertreten. Schulveranstaltungen finden an beiden Standorten gleicherma\u00dfen statt.<\/p>\n<p>Unsere Schulh\u00f6fe sind gr\u00fcn und bieten viel Platz zum Spielen, Verstecken und Erholen vom Unterricht. Mit insgesamt 450 Sch\u00fcler:innen bewegen wir uns noch in einem recht famili\u00e4ren Rahmen. Alle an Schule Beteiligten kennen sich und arbeiten vertrauensvoll zusammen.<\/p>\n<p>Am Standort Thomas-Mann-Stra\u00dfe sind wir dreiz\u00fcgig und haben, inklusive der Vorschulgruppen, 14 Klassen. Im Kreuzbau befinden sich alle Klassenr\u00e4ume der Jahrg\u00e4nge 1 bis 4. Die beiden Vorschulklassen sind in einem Nebengeb\u00e4ude untergebracht. Weiterhin haben wir eine sch\u00f6ne Mensa, einen Musik- und einen Kunstraum, eine Forscherwerkstatt, eine Schulb\u00fccherei und einen Psychomotorikraum.<\/p>\n<p>Am Standort Hohnerkamp teilen wir uns das Gel\u00e4nde mit der Anne-Frank-Schule vom ReBBZ Wandsbek Nord. Wir sind hier einz\u00fcgig, wobei der Jahrgang 2 zweiz\u00fcgig ist. Eine Vorschulgruppe komplettiert den Standort, an dem wir insgesamt 6 Klassen haben. Am Hohnerkamp haben wir eine sch\u00f6ne Mensa, sechs Klassenr\u00e4ume, eine gro\u00dfe Aula und einen multifunktionalen Raum, der \u00fcberwiegend vom Nachmittagsbereich genutzt wird.<\/p>\n<p><em>Fotos: M. R\u00f6bke<\/em><\/p>\n","protected":false},"excerpt":{"rendered":"<p>\u00a0 Unsere Schule liegt im ruhigen und gr\u00fcnen Teil von Bramfeld. Wir haben zwei Standorte: die Thomas-Mann-Stra\u00dfe und den Hohnerkamp. An beiden Standorten sind die Jahrg\u00e4nge 1-4 und Vorschulklassen vertreten. Schulveranstaltungen finden an beiden&#46;&#46;&#46;<\/p>\n","protected":false},"author":430,"featured_media":0,"parent":0,"menu_order":0,"comment_status":"closed","ping_status":"closed","template":"","meta":{"_acf_changed":false,"footnotes":""},"class_list":["post-39","page","type-page","status-publish","hentry"],"acf":[],"_links":{"self":[{"href":"https:\/\/grundschule-am-gut.hamburg.de\/index.php?rest_route=\/wp\/v2\/pages\/39","targetHints":{"allow":["GET"]}}],"collection":[{"href":"https:\/\/grundschule-am-gut.hamburg.de\/index.php?rest_route=\/wp\/v2\/pages"}],"about":[{"href":"https:\/\/grundschule-am-gut.hamburg.de\/index.php?rest_route=\/wp\/v2\/types\/page"}],"author":[{"embeddable":true,"href":"https:\/\/grundschule-am-gut.hamburg.de\/index.php?rest_route=\/wp\/v2\/users\/430"}],"replies":[{"embeddable":true,"href":"https:\/\/grundschule-am-gut.hamburg.de\/index.php?rest_route=%2Fwp%2Fv2%2Fcomments&post=39"}],"version-history":[{"count":6,"href":"https:\/\/grundschule-am-gut.hamburg.de\/index.php?rest_route=\/wp\/v2\/pages\/39\/revisions"}],"predecessor-version":[{"id":3068,"href":"https:\/\/grundschule-am-gut.hamburg.de\/index.php?rest_route=\/wp\/v2\/pages\/39\/revisions\/3068"}],"wp:attachment":[{"href":"https:\/\/grundschule-am-gut.hamburg.de\/index.php?rest_route=%2Fwp%2Fv2%2Fmedia&parent=39"}],"curies":[{"name":"wp","href":"https:\/\/api.w.org\/{rel}","templated":true}]}}