{"id":2971,"date":"2025-05-04T18:41:28","date_gmt":"2025-05-04T16:41:28","guid":{"rendered":"https:\/\/grundschule-am-gut.hamburg.de\/?page_id=2971"},"modified":"2025-05-04T18:41:28","modified_gmt":"2025-05-04T16:41:28","slug":"mittagessen-tms","status":"publish","type":"page","link":"https:\/\/grundschule-am-gut.hamburg.de\/?page_id=2971","title":{"rendered":"Mittagessen TMS"},"content":{"rendered":"<p><strong>Mittagessen Standort Thomas-Mann-Stra\u00dfe<br \/>\n<\/strong><\/p>\n<p>Unser Caterer <em><strong>mammas canteen<\/strong><\/em> ist \u00fcber die Adresse: <u><a href=\"mailto:gut@mammascanteen.de\">gut@mammascanteen.de<\/a><\/u> zu erreichen.<br \/>\nDas Essen bestellen Sie \u00fcber die App \u201ePCA Kantine\u201c.<\/p>\n","protected":false},"excerpt":{"rendered":"<p>Mittagessen Standort Thomas-Mann-Stra\u00dfe Unser Caterer mammas canteen ist \u00fcber die Adresse: gut@mammascanteen.de zu erreichen. Das Essen bestellen Sie \u00fcber die App \u201ePCA Kantine\u201c.<\/p>\n","protected":false},"author":728,"featured_media":0,"parent":0,"menu_order":0,"comment_status":"closed","ping_status":"closed","template":"","meta":{"_acf_changed":false,"footnotes":""},"class_list":["post-2971","page","type-page","status-publish","hentry"],"acf":[],"_links":{"self":[{"href":"https:\/\/grundschule-am-gut.hamburg.de\/index.php?rest_route=\/wp\/v2\/pages\/2971","targetHints":{"allow":["GET"]}}],"collection":[{"href":"https:\/\/grundschule-am-gut.hamburg.de\/index.php?rest_route=\/wp\/v2\/pages"}],"about":[{"href":"https:\/\/grundschule-am-gut.hamburg.de\/index.php?rest_route=\/wp\/v2\/types\/page"}],"author":[{"embeddable":true,"href":"https:\/\/grundschule-am-gut.hamburg.de\/index.php?rest_route=\/wp\/v2\/users\/728"}],"replies":[{"embeddable":true,"href":"https:\/\/grundschule-am-gut.hamburg.de\/index.php?rest_route=%2Fwp%2Fv2%2Fcomments&post=2971"}],"version-history":[{"count":1,"href":"https:\/\/grundschule-am-gut.hamburg.de\/index.php?rest_route=\/wp\/v2\/pages\/2971\/revisions"}],"predecessor-version":[{"id":2972,"href":"https:\/\/grundschule-am-gut.hamburg.de\/index.php?rest_route=\/wp\/v2\/pages\/2971\/revisions\/2972"}],"wp:attachment":[{"href":"https:\/\/grundschule-am-gut.hamburg.de\/index.php?rest_route=%2Fwp%2Fv2%2Fmedia&parent=2971"}],"curies":[{"name":"wp","href":"https:\/\/api.w.org\/{rel}","templated":true}]}}