{"id":2963,"date":"2025-05-04T18:35:18","date_gmt":"2025-05-04T16:35:18","guid":{"rendered":"https:\/\/grundschule-am-gut.hamburg.de\/?page_id=2963"},"modified":"2025-09-22T13:57:21","modified_gmt":"2025-09-22T11:57:21","slug":"gbs-an-der-tms","status":"publish","type":"page","link":"https:\/\/grundschule-am-gut.hamburg.de\/?page_id=2963","title":{"rendered":"GBS an der TMS"},"content":{"rendered":"<h4><strong>Nachmittagsbetreuung <\/strong>am Standort Thomas-Mann-Stra\u00dfe:<br \/>\n\u201eHamburger Kind Bildung und Betreuung gGmbH\u201c<\/h4>\n<p><span style=\"text-decoration: underline\">P\u00e4dagogik der Hamburger Kind Bildung und Betreuung gGmbH<\/span><br \/>\nGrundlegendes Ziel unserer P\u00e4dagogik ist es, Kinder aus allen famili\u00e4ren Lebenssituationen und Kulturkreisen in die Gemeinschaft zu integrieren und ihnen Teilhabe zu erm\u00f6glichen. Wir verstehen die Vielfalt in der Kinder- und Elterngruppe als Bereicherung. Verschiedenheit ist wertvoll. Jedes Kind ist bei uns herzlich willkommen. Oberste Priorit\u00e4t hat f\u00fcr uns, dass alle Kinder sich in der Nachmit-tagsbetreuung wohlf\u00fchlen. Mit dem Gef\u00fchl von Sicherheit und Geborgenheit erlebt jedes Kind seine Umgebung als sinnesanregend und spannend.<\/p>\n<p>Kindliche Neugierde ist angeboren. Wir f\u00f6rdern die Freude am Ausprobieren und die Lust auf Entdeckung der Welt durch vielf\u00e4ltige Projekte, p\u00e4dagogisch ausgew\u00e4hlte Spielmaterialien, B\u00fccher, Lernbereiche, Bewegungsr\u00e4ume und gro\u00dfz\u00fcgige Au\u00dfenbereiche zum Spielen und Toben. Wir best\u00e4rken die Kinder darin, ein positives Bild von sich selbst und Vertrauen in die eigenen F\u00e4higkeiten zu entwickeln und sich im Rahmen der Gruppe aktiv und konstruktiv einzubringen. Alle unsere Ziele verfolgen wir in enger Zusammenarbeit mit allen Beteiligten des Schullebens, insbesondere mit den Lehrern und Lehrerinnen.<\/p>\n<p><span style=\"text-decoration: underline\"><img loading=\"lazy\" decoding=\"async\" class=\"wp-image-2995 alignright\" src=\"https:\/\/grundschule-am-gut.hamburg.de\/wp-content\/uploads\/sites\/232\/2025\/05\/Bildschirmfoto-2025-05-04-um-19.15.25-e1746378994575-1024x691.png\" alt=\"\" width=\"495\" height=\"334\" srcset=\"https:\/\/grundschule-am-gut.hamburg.de\/wp-content\/uploads\/sites\/232\/2025\/05\/Bildschirmfoto-2025-05-04-um-19.15.25-e1746378994575-1024x691.png 1024w, https:\/\/grundschule-am-gut.hamburg.de\/wp-content\/uploads\/sites\/232\/2025\/05\/Bildschirmfoto-2025-05-04-um-19.15.25-e1746378994575-300x202.png 300w, https:\/\/grundschule-am-gut.hamburg.de\/wp-content\/uploads\/sites\/232\/2025\/05\/Bildschirmfoto-2025-05-04-um-19.15.25-e1746378994575-768x518.png 768w, https:\/\/grundschule-am-gut.hamburg.de\/wp-content\/uploads\/sites\/232\/2025\/05\/Bildschirmfoto-2025-05-04-um-19.15.25-e1746378994575-1536x1037.png 1536w, https:\/\/grundschule-am-gut.hamburg.de\/wp-content\/uploads\/sites\/232\/2025\/05\/Bildschirmfoto-2025-05-04-um-19.15.25-e1746378994575.png 1590w\" sizes=\"auto, (max-width: 495px) 100vw, 495px\" \/>Zeitlicher Ablauf der Nachmittagsbetreuung<\/span><\/p>\n<p>Nach Unterrichtsschluss werden die Kinder direkt von ihrem Bezugserzieher \u00fcbernommen. Von <em><strong>13:15 bis 14:30 Uhr<\/strong><\/em> ist f\u00fcr die Jahrg\u00e4nge 1 bis 4 offene Mittagessen- und Spielzeit. Die Kinder k\u00f6nnen in diesem Zeitraum t\u00e4glich frei entscheiden, wann sie essen, welche offenen Angebote sie drau\u00dfen oder in den Funktionsr\u00e4umen nutzen und ob sie schon das freiwillige Hausaufgabenangebot nutzen m\u00f6chten. Ein abwechslungsreiches und kindgerechtes offenes Buffet wird t\u00e4glich frisch von unserem Caterer Mammas Canteen geliefert.<\/p>\n<p>Von <em><strong>14:30 (Jahrgang 4 ab 14:15) bis 15:00<\/strong> <\/em>unterst\u00fctzen wir die Kinder, die noch nicht das freiwillige Hausaufgabenangebot genutzt haben, bei ihren Schularbeiten. Im Anschluss daran sorgen vielf\u00e4ltige interne und externe Kurse und weitere offene Angebote f\u00fcr viel Spa\u00df und Freude am Nachmittag. Je nach Interesse haben die Kinder die M\u00f6glichkeit, sich in den Bereichen Bewegung, kreative Gestaltung, Musik, Tanz, Sprache und Kommunikation, Naturerleben &amp; Umweltschutz, Naturwissenschaften sowie in weiteren Bildungsbereichen auszuprobieren.<\/p>\n<p>Selbstverst\u00e4ndlich gibt es ebenso die M\u00f6glichkeit, einfach nur mit Freunden zu spielen, zu lesen oder zu entspannen. Das weitl\u00e4ufige Au\u00dfengel\u00e4nde der Schule, die verschiedenen Spielger\u00e4te und der gro\u00dfe Fu\u00dfballplatz laden zum Austoben ein. Au\u00dferdem haben wir f\u00fcr drau\u00dfen eine gro\u00dfe Auswahl an Spielzeug und Fahrzeugen.<\/p>\n<p>Im Rahmen der Schulferien bieten wir ein vielf\u00e4ltiges ganzt\u00e4giges <em><strong>Ferienprogramm (6-18 Uhr)<\/strong> <\/em>mit besonderen Angeboten und Ausfl\u00fcgen an. Ausgenommen davon sind unsere Schlie\u00dfzeiten, d.h. in der Regel 3 Wochen in den Sommerferien sowie die Woche zwischen Weihnachten und Neujahr.<\/p>\n<p>Die meisten Kinder sind die ganze Woche bei uns angemeldet. Sie haben aber auch die M\u00f6glichkeit, Ihr Kind an weniger Tagen in die Nachmittagsbetreuung zu geben, mindestens jedoch an 3 Tagen bis mindestens 15 Uhr.<\/p>\n<p>Unsere <em><strong>Abholzeiten sind 14:30 Uhr, 15 Uhr, 16 Uhr<\/strong> <\/em>und im Sp\u00e4tdienst jederzeit.<\/p>\n<p>&nbsp;<\/p>\n<p style=\"padding-left: 40px\"><strong>Kontakt GBS \/ Nachmittagsbetreuung Standort Thomas-Mann-Stra\u00dfe<br \/>\n<\/strong>Hamburger Kind Bildung und Betreuung gGmbH<strong><br \/>\n<\/strong><\/p>\n<p style=\"padding-left: 40px\">B\u00fcro: 040 \u2013 640 40 05<br \/>\nGruppen- und Ferienhandy: 0163 \u2013 777 44 56<br \/>\nVorschulhandy: 0157 \u2013 806 944 19<\/p>\n<ul>\n<li style=\"list-style-type: none\">\n<ul>\n<li>Frau G\u00f6tz \u2013 Leitung \u2013 gbs.amgut.leitung@hamburgerkind.de<\/li>\n<li>Frau Bollmahn \u2013 Koordination \u2013 gbs.amgut.koordination1@hamburgerkind.de<\/li>\n<li>Frau Slyvinska \u2013 Koordination \u2013 gbs.amgut.koordination2@hamburgerkind.de<\/li>\n<li>Team bzw. Jahrgangszust\u00e4ndige \u2013 gbs.amgut@hamburgerkind.de\n<ul>\n<li>Frau El-Sadek \u2013 VSK<\/li>\n<li>Frau Merkel \u2013 Jahrgang 1<\/li>\n<li>Frau \u00dcnl\u00fc \u2013 Jahrgang 2<\/li>\n<li>Frau Kronenberg -Jahrgang 3<\/li>\n<li>Frau Volic \u2013 Jahrgang 4<\/li>\n<\/ul>\n<\/li>\n<\/ul>\n<\/li>\n<\/ul>\n","protected":false},"excerpt":{"rendered":"<p>Nachmittagsbetreuung am Standort Thomas-Mann-Stra\u00dfe: \u201eHamburger Kind Bildung und Betreuung gGmbH\u201c P\u00e4dagogik der Hamburger Kind Bildung und Betreuung gGmbH Grundlegendes Ziel unserer P\u00e4dagogik ist es, Kinder aus allen famili\u00e4ren Lebenssituationen und Kulturkreisen in die Gemeinschaft&#46;&#46;&#46;<\/p>\n","protected":false},"author":728,"featured_media":0,"parent":0,"menu_order":0,"comment_status":"closed","ping_status":"closed","template":"","meta":{"_acf_changed":false,"footnotes":""},"class_list":["post-2963","page","type-page","status-publish","hentry"],"acf":[],"_links":{"self":[{"href":"https:\/\/grundschule-am-gut.hamburg.de\/index.php?rest_route=\/wp\/v2\/pages\/2963","targetHints":{"allow":["GET"]}}],"collection":[{"href":"https:\/\/grundschule-am-gut.hamburg.de\/index.php?rest_route=\/wp\/v2\/pages"}],"about":[{"href":"https:\/\/grundschule-am-gut.hamburg.de\/index.php?rest_route=\/wp\/v2\/types\/page"}],"author":[{"embeddable":true,"href":"https:\/\/grundschule-am-gut.hamburg.de\/index.php?rest_route=\/wp\/v2\/users\/728"}],"replies":[{"embeddable":true,"href":"https:\/\/grundschule-am-gut.hamburg.de\/index.php?rest_route=%2Fwp%2Fv2%2Fcomments&post=2963"}],"version-history":[{"count":8,"href":"https:\/\/grundschule-am-gut.hamburg.de\/index.php?rest_route=\/wp\/v2\/pages\/2963\/revisions"}],"predecessor-version":[{"id":3149,"href":"https:\/\/grundschule-am-gut.hamburg.de\/index.php?rest_route=\/wp\/v2\/pages\/2963\/revisions\/3149"}],"wp:attachment":[{"href":"https:\/\/grundschule-am-gut.hamburg.de\/index.php?rest_route=%2Fwp%2Fv2%2Fmedia&parent=2963"}],"curies":[{"name":"wp","href":"https:\/\/api.w.org\/{rel}","templated":true}]}}